t(w) = 7*w - 15. What is the remainder when 36/(-30)*75/(-6) is divided by t(3)?
3
Let w(r) = r**2 + 5*r - 16. Let g(s) = 2*s**2 + 45*s - 21. Let x be g(-23). Let h be w(x). What is the remainder when 33 is divided by 3/(2 - (-6)/h) - -8?
3
Suppose 4*l - 95 = 5*v, -l + 7*v = 3*v - 10. Suppose 0 = -3*m + y + 98, 4*m + 3*y = 5*m - l. Calculate the remainder when m is divided by 14.
5
Let w = 192 + -147. Suppose -50*l + 60 = -w*l. Suppose -10 = o - 2*o. Calculate the remainder when l is divided by o.
2
Calculate the remainder when (95 - -170)/(10/28) is divided by 25.
17
Let s be (-131 + 4)/((-10)/10). Let g = 156 - s. What is the remainder when g is divided by 8?
5
Suppose -388*j = -374*j - 4522. Calculate the remainder when j is divided by 26.
11
Suppose 0 = 3*k + 3*m - 237, 5*k + 38*m - 419 = 29*m. What is the remainder when 581 is divided by k?
70
Suppose u + 3 = 0, u - 499 = z - 513. Calculate the remainder when z is divided by 18*1/2*1.
2
Calculate the remainder when (-18)/(-96)*-4 - (-35205)/60 is divided by 190.
16
What is the remainder when 1071 - (-12 + (-24 - -32)) is divided by 122?
99
What is the remainder when 1450 is divided by (-19522)/(-1135) + 12/(-10)?
10
Let r be (1 - -3) + 4*(-11)/44. Suppose 2*z = k - 5, 1 = r*z - 5. Let j(c) = c**3 - 3*c**2 + 4*c - 2. What is the remainder when k is divided by j(2)?
1
Let q(y) = 2*y - 39. Let p be q(28). Suppose -11*t + p*t - 390 = 0. What is the remainder when t is divided by 36?
29
Let m be (-2)/((-5)/((-10)/4)). Let w = m - -5. What is the remainder when (-35)/(-3) + 1*8/(-12) is divided by w?
3
Suppose 7*s - 129 = 2*s - 2*h, 2*s = -2*h + 48. Calculate the remainder when s is divided by (-1*5)/((-950)/(-40) - 25).
3
Suppose 494 - 386 = 3*u. Let y(r) = 2*r - 2. Let n be y(2). Calculate the remainder when (n/(-6))/((-6)/1494) - 1 is divided by u.
10
Let n be (16/12)/(-1 - 40/(-36)). Calculate the remainder when 4/n - 3751/(-33) is divided by 13.
10
Let r = -69 + 101. Suppose 17*w + 2234 = 5*d + 20*w, 5*w - 2240 = -5*d. What is the remainder when d is divided by r?
29
Suppose -6*p + 449 = -1327. Calculate the remainder when p is divided by 210.
86
Calculate the remainder when (-4227)/(-13) + 22*(-12)/1716 is divided by -2 + 1 - (1 - 57).
50
Suppose 4*b = -0*b + 132. Let j = -38 - -212. Suppose j + 21 = 3*m. Calculate the remainder when m is divided by b.
32
Let w(h) = -h**3 + 4*h**2 + 13*h - 3. Let i be w(4). Let j be (-394)/9 + 6/(-27). Let r = j + i. What is the remainder when 8 is divided by r?
3
Let t = 25 - 19. Let b = t - 7. What is the remainder when (b - 651/(-12)) + (-5)/20 is divided by 18?
17
Suppose 6 = -6*g + 12*g, -2*j - 3*g = -6081. Calculate the remainder when j is divided by 1009.
12
Suppose -109*h + 264963 = -121006. What is the remainder when h is divided by 22?
21
Let q(u) = 9*u - 20. Let p be q(-6). Let n = 77 + p. Suppose 2*r = r + 2. Calculate the remainder when n is divided by r.
1
Let a = 6082 - 6064. What is the remainder when 219 is divided by a?
3
Suppose -4*q + 5*v + 246 = 0, 8*q - 357 = 3*q - 2*v. What is the remainder when 136 is divided by q?
67
Let a = 9646 - 9278. Calculate the remainder when 746 is divided by a.
10
Suppose -3178 = -4*r + 5*q, -2412 = -3*r - 597*q + 596*q. Calculate the remainder when r is divided by 134.
132
Suppose -77 = -u - 29. What is the remainder when u is divided by 87*((-2)/3*(-319)/(-58) + (3 - -1))?
19
Let z = 1033 - 398. Let l = z - 406. Calculate the remainder when l is divided by 33.
31
Suppose 36*c - 31*c = n - 98, 0 = 3*n - 3*c - 306. What is the remainder when 2572 is divided by n?
100
Suppose m - 8 = 21. Let f = -128 - -55. Let b = f - -78. What is the remainder when m is divided by b?
4
Let l(w) = 2*w**2 + 2*w - 19. Suppose -36 = -7*j - 2*j. Let i(u) = -9*u + 7. What is the remainder when i(-6) is divided by l(j)?
19
Let h(i) = 3*i + 58. Let d = -192 + 176. What is the remainder when 117 is divided by h(d)?
7
Let v = -5766 + 7191. What is the remainder when v is divided by 46?
45
Let u be 12/1 + 54/(-6). Suppose -4*i + 534 + 726 = 4*f, -4*i = u*f - 940. Calculate the remainder when f is divided by 81.
77
Let c(f) = -f**2 + f + 66. Calculate the remainder when 226/6*(-6)/(-2) is divided by c(-3).
5
Let v = -18679 - -18691. Calculate the remainder when 614 is divided by v.
2
Let v(j) = 11*j + 25. Calculate the remainder when v(11) is divided by 5139/135 + 4/(-60).
32
Suppose -u + 31 = -4*l, -4*u + 0*l - 5*l = -166. Calculate the remainder when u is divided by (-117)/(-5) + -4 - (7/5 - 2).
19
Let o(u) = u**2 - 5*u - 10. Let z be (-1 + -2)/(24/(-80)). Let g be o(z). Suppose -g*j + 38*j = -100. What is the remainder when 147 is divided by j?
47
Let q be (-29)/(3 + 0 + -2). Let a = -26 - q. Suppose -5*f = -5*g + 255, 0 = 5*g + f + a*f - 237. Calculate the remainder when g is divided by 17.
15
Suppose 2*x + 14 - 70 = 0. Suppose 56*q - 20286 = -91*q. What is the remainder when q is divided by x?
26
Suppose -f + 1864 = 4*t, 3*f - 5*t - 1096 = 4513. Calculate the remainder when f is divided by 89.
88
Let q(h) = -2*h**3 + 16*h**2 - 5*h + 46. Suppose -3*v + 7*v - 136 = -4*k, -2*v + 88 = -3*k. Calculate the remainder when v is divided by q(8).
2
Suppose 5*c = z - 304, -4*c - 1394 = -3*z - 493. Calculate the remainder when z is divided by 3050/40 - (-2)/(-8).
71
Let a = 3 - 0. Suppose a*j = 5*j - 30. Suppose 2 = 2*o + 2*u, -185 = 2*o - 3*u - 212. What is the remainder when j is divided by o?
3
Let b(w) = -21*w - 9. Suppose 3*i - 232 = -n, 2*i + 2*n = -i + 230. Let z = -81 + i. What is the remainder when b(z) is divided by 28?
26
Let z = -7900 - -8060. Let c(g) = -g**2 - 14*g - 10. What is the remainder when z is divided by c(-10)?
10
Let r = -31 + 55. Let w be (-32)/((7/70)/(1/5)). Let f = 159 + w. Calculate the remainder when f is divided by r.
23
Suppose -7*k + 6*k + 3 = 0. Suppose -34 = -3*m - 2*m - k*b, -3*m = -2*b - 9. Let r = 69 - 40. What is the remainder when r is divided by m?
4
Let m be 3/(-9)*3/1. What is the remainder when 96 - (4 - 1)/(m/1) is divided by 1/(-2 + 51/25)?
24
Let l be (-6)/(-12)*(2 + 4). Suppose j = p - 7, -2*p + l*j = -14 + 2. Suppose o = -p + 60. Calculate the remainder when o is divided by 26.
25
Suppose 4*b = 2*z - 74, 2*b + 185 = -39*z + 44*z. Suppose 3*x - 443 = 5*k, x = 6*x - 2*k - 732. Calculate the remainder when x is divided by z.
35
Let o(j) = 883*j - 3520. Calculate the remainder when 273 is divided by o(4).
9
Let c = -8261 - -8404. Suppose 2*i = -0*i - 4*w + 38, -29 = -i - 4*w. Suppose -4*a + 81 = i. Calculate the remainder when c is divided by a.
17
Suppose 11*r - 842 - 11760 - 1456 = 0. Calculate the remainder when r is divided by 21.
18
Let t = -11428 + 44502. What is the remainder when t is divided by 147?
146
Let u(j) = j**2 - 42*j + 94. Calculate the remainder when 49 is divided by u(2).
7
Suppose -22*v + 43*v + 545 = 9239. What is the remainder when v is divided by 166?
82
Let g(q) = q**3 + 56*q**2 - 61*q + 331. What is the remainder when g(-57) is divided by 148?
115
Let m(g) = g**3 + 6*g**2 + 3*g + 3. Let j(k) be the third derivative of k**4/8 + 15*k**3/2 + 2*k**2 + 43. Calculate the remainder when j(0) is divided by m(-5).
6
Let g be (-5 + (-44)/(-6))/((-1)/3). Let y(m) be the second derivative of -3*m**3/2 - 12*m**2 - m. What is the remainder when y(g) is divided by 21?
18
Let h = -568 - -574. Suppose -h*r = -53 - 223. What is the remainder when 60 is divided by r?
14
Let h = 2412 + -2408. Suppose -5*k = 5*p - 560, -4*p = -5*k + 4*k - 443. Suppose x - 3*l = p - 27, x - 79 = h*l. Calculate the remainder when x is divided by 5.
4
Suppose -2*o + 286 = 2*v, -206*o - 4 = -207*o. Calculate the remainder when 1121 is divided by v.
9
Let v = 15811 + -15644. Calculate the remainder when 1669 is divided by v.
166
Let v(m) = -m**2 + 13*m + 10. Let w be v(15). Let x = w - -48. Suppose -r = -a + x, -4*r = -2*a - r + 59. Calculate the remainder when 147 is divided by a.
22
Let y = 13 + -10. Suppose y*v + 135 = -7*r + 4*r, r + 45 = -3*v. Let p = -43 - r. Calculate the remainder when 4 is divided by p.
0
Suppose 1457 = 12*b + 670 + 679. What is the remainder when 396 + (-2 - 1/(-1)) is divided by b?
8
Let o = -323 - -329. Suppose 0 = -z - o*x + 68, -z = -5*z + x + 372. What is the remainder when 